{"id":1326,"date":"2015-03-18T19:28:05","date_gmt":"2015-03-18T18:28:05","guid":{"rendered":"http:\/\/www.dedinkeltuin.nl\/?page_id=1326"},"modified":"2015-11-24T19:36:17","modified_gmt":"2015-11-24T18:36:17","slug":"helleborus-dhy","status":"publish","type":"page","link":"http:\/\/www.dedinkeltuin.nl\/?page_id=1326&lang=de","title":{"rendered":"Helleborus: Kreuzungen"},"content":{"rendered":"<p>Jedes Jahr z\u00fcchte\u00a0ich eine Reihe von neuen Pflanzen\u00a0(Helleborus x hybridus) aus Samen. Ich tue dies, indem ich sehr\u00a0bewusst Hybriden erstelle. Das bedeutet, dass ich Pollen von einer Pflanze (der Vater) auf die Narbe (Stigma) der anderen Pflanze\u00a0(die Mutter) bringe. Als Mutterpflanze nehme ich\u00a0vorzugsweise\u00a0eine Pflanze, die von sich aus eine Menge \u00a0Samen macht, und die auch ein paar Eigenschaften hat, die ich bei den Nachkommen gerne sehen m\u00f6chte. Die Vater-Pflanze soll die Eigenschaften wie Farbe oder der Form der Bl\u00fcten verbessern.<\/p>\n<p>Nat\u00fcrlich w\u00e4hle\u00a0ich Pflanzen aus die gut wachsen, und sehr gesund sind.<\/p>\n<p>Hellebores Bl\u00fcten\u00a0lieben es sich selbst zu best\u00e4uben. Das bedeutet, dass Pollen aus der Bl\u00fcte auf die\u00a0Narbe der gleichen Blume gelangen. Dies f\u00fchrt zu der Bildung von Samen. Hummeln und Bienen k\u00f6nnen auch zu\u00a0diese Selbstbest\u00e4ubung beitragen aber sie k\u00f6nnen auch Pollen heranf\u00fchren\u00a0von den Blumen von einer andere Pflanze (dies nennt man\u00a0Fremdbest\u00e4ubung).<\/p>\n<p>Wie k\u00f6nnen Sie sicherstellen, dass die Best\u00e4ubung von nur die zwei ausgew\u00e4hlten Vorfahren zur Bildung von Samen f\u00fchrt? Zun\u00e4chst einmal m\u00fcssen Sie: Pollen sammeln. Verwenden Sie eine Pinzette um die reifen Staubbl\u00e4tter aus der Blume des Vaters zu entnehmen,\u00a0und legen\u00a0diese in einer Petrischale oder auf eine Untertasse. Die Staubbl\u00e4tter sind reif in einer voll ge\u00f6ffneten Bl\u00fcte (Bl\u00fctenstaub wird auch von der Blume fallen, wenn man sie ber\u00fchrt). Es ist m\u00f6glich, den Pollen im K\u00fchlschrank f\u00fcr ein paar Tage zu speichern. Der n\u00e4chste Schritt ist eine Blume an der Mutterpflanze, die sich gerade \u00f6ffnet oder noch geschlossen ist zu finden. Dies\u00a0weil\u00a0das Stigma schon Pollen aufnimmt ein oder zwei Tage vor die\u00a0Pollen in der gleichen Blume freikommen. Die\u00a0gesammelten Pollen bringen Sie auf das Stigma der\u00a0geschlossene Blume, zum Beispiel mit einer kleinen B\u00fcrste, damit ist die\u00a0Best\u00e4ubung\u00a0abgeschlossen. Die so angebrachte\u00a0Pollenk\u00f6rner sind im Vorteil, wenn es zur\u00a0 Befruchtung kommt. Auf diese Weise ist Selbstbest\u00e4ubung nachher in der Tat unm\u00f6glich. Sie brauchen\u00a0\u00fcberhaupt nicht die Staubbl\u00e4tter von der Mutterpflanze zu entfernen, aber es ist m\u00f6glich.<\/p>\n<p>Sie sollten\u00a0jetzt einen farbigen Faden aus Wolle an den best\u00e4ubten Bl\u00fcten befestigen. Ansonsten werden Sie in\u00a0ein paar Monaten nicht wissen, welche Frucht\u00a0die Hybriden enth\u00e4lt. Achten Sie darauf ordnungsgem\u00e4\u00dfe Notizen zu machen. Auf jeden Fall, notieren Sie sich die Vorfahren.<\/p>\n<p>Ende April stecke\u00a0ich die Blume in\u00a0einen Beutel gemacht aus\u00a0Spitzenvorhang. Dies verhindert, dass die Samen auf den Boden\u00a0fallen wenn der Saatgutbeh\u00e4lter reif ist. Und wenn die Samen auf den Boden liegen findet man die niemals wieder. Normalerweise versleppen Ameisen die\u00a0Samen. Auch verhindert der\u00a0Beutel das M\u00e4use die Samenkapseln zusammen mit dem Saatgut essen.<\/p>\n<p>Die Samen kommen direkt in ein Topf (9 x 9 cm) mit Aussaat-Erde. Decken Sie die Samen mit einer sehr d\u00fcnnen Schicht Erde. Darauf kommt eine Schicht aus feinem Kies auf der Oberfl\u00e4che. Dies verhindert, dass Moose dort\u00a0wachsen, und auch verhindert es die Auswaschung der Samen durch Gie\u00dfen oder durch regen.<\/p>\n<p>Stellen Sie den Topf an einem gesch\u00fctzten Ort, und ab Mitte Dezember, werden die Samen keimen. Pflanzen Sie die S\u00e4mlinge sorgf\u00e4ltig, wenn das erste echte Blatt erschienen ist. Vorsicht beim pflanzen: nehmen Sie de kleinen Pflanzen nur fest an den Keim-Bl\u00e4tter!!!!! Im August k\u00f6nnen die S\u00e4mlinge an den endg\u00fcltigen Standort in einer Ecke des Gartens, wo sie drei Jahre lang wachsen k\u00f6nnen. Erst dann werden die Pflanzen bl\u00fchen, und sehen Sie zum ertsen Mahle ob sich ihre Anstrengung gelohnt hat. W\u00e4hlen Sie die Pflanzen mit den sch\u00f6nsten Blumen und pflanzen sie in den Garten. Der Rest k\u00f6nnen Sie immer noch verschenken!<\/p>\n<p><a title=\"Helleborus\" href=\"http:\/\/www.dedinkeltuin.nl\/?page_id=1310\"><strong>Zur\u00fcck zur Hauptseite von Helleborus.<\/strong><\/a><\/p>\n","protected":false},"excerpt":{"rendered":"<p>Jedes Jahr z\u00fcchte\u00a0ich eine Reihe von neuen Pflanzen\u00a0(Helleborus x hybridus) aus Samen. Ich tue dies, indem ich sehr\u00a0bewusst Hybriden erstelle. Das bedeutet, dass ich Pollen von einer Pflanze (der Vater) auf die Narbe (Stigma) der anderen Pflanze\u00a0(die Mutter) bringe. Als Mutterpflanze nehme ich\u00a0vorzugsweise\u00a0eine Pflanze, die von sich aus eine Menge \u00a0Samen macht, und die auch &hellip; <a href=\"http:\/\/www.dedinkeltuin.nl\/?page_id=1326&#038;lang=de\" class=\"more-link\">Continue reading <span class=\"screen-reader-text\">Helleborus: Kreuzungen<\/span> <span class=\"meta-nav\">&rarr;<\/span><\/a><\/p>\n","protected":false},"author":1,"featured_media":0,"parent":0,"menu_order":3240,"comment_status":"closed","ping_status":"closed","template":"","meta":{"ngg_post_thumbnail":0,"footnotes":""},"class_list":["post-1326","page","type-page","status-publish","hentry"],"_links":{"self":[{"href":"http:\/\/www.dedinkeltuin.nl\/index.php?rest_route=\/wp\/v2\/pages\/1326","targetHints":{"allow":["GET"]}}],"collection":[{"href":"http:\/\/www.dedinkeltuin.nl\/index.php?rest_route=\/wp\/v2\/pages"}],"about":[{"href":"http:\/\/www.dedinkeltuin.nl\/index.php?rest_route=\/wp\/v2\/types\/page"}],"author":[{"embeddable":true,"href":"http:\/\/www.dedinkeltuin.nl\/index.php?rest_route=\/wp\/v2\/users\/1"}],"replies":[{"embeddable":true,"href":"http:\/\/www.dedinkeltuin.nl\/index.php?rest_route=%2Fwp%2Fv2%2Fcomments&post=1326"}],"version-history":[{"count":10,"href":"http:\/\/www.dedinkeltuin.nl\/index.php?rest_route=\/wp\/v2\/pages\/1326\/revisions"}],"predecessor-version":[{"id":3087,"href":"http:\/\/www.dedinkeltuin.nl\/index.php?rest_route=\/wp\/v2\/pages\/1326\/revisions\/3087"}],"wp:attachment":[{"href":"http:\/\/www.dedinkeltuin.nl\/index.php?rest_route=%2Fwp%2Fv2%2Fmedia&parent=1326"}],"curies":[{"name":"wp","href":"https:\/\/api.w.org\/{rel}","templated":true}]}}