{"id":1499,"date":"2015-03-19T17:35:03","date_gmt":"2015-03-19T16:35:03","guid":{"rendered":"http:\/\/www.dedinkeltuin.nl\/?page_id=1499"},"modified":"2026-01-17T12:53:59","modified_gmt":"2026-01-17T11:53:59","slug":"tag-der-offenen-tur","status":"publish","type":"page","link":"http:\/\/www.dedinkeltuin.nl\/?page_id=1499&lang=de","title":{"rendered":"Tage der offenen T\u00fcr 2026."},"content":{"rendered":"\n<p><strong>Letzte Aktualisierung: 17-01-2026<\/strong><\/p>\n\n\n\n<p>Im Jahr 2026 veranstalten wir zwei Tage der offenen T\u00fcr f\u00fcr unsere Schneegl\u00f6ckchen. Am Samstag, den 14. und 21. Februar, jeweils von 10:00 bis 16:00 Uhr, sind Sie herzlich willkommen. Der Eintritt ist frei, Spenden sind jedoch willkommen. F\u00fcr Kaffee\/Tee und Leckereien ist gesorgt.<\/p>\n\n\n\n<p>An diesen Tagen bieten wir auch Schneegl\u00f6ckchen zum Verkauf an. <\/p>\n\n\n\n<p><\/p>\n\n\n<div class=\"wp-block-image\">\n<figure class=\"aligncenter\"><img loading=\"lazy\" decoding=\"async\" width=\"300\" height=\"200\" src=\"http:\/\/www.dedinkeltuin.nl\/wp-content\/uploads\/2015\/01\/Kweekbak-14-1-2015-300x200.jpg\" alt=\"Kweekbak 14-1-2015\" class=\"wp-image-889\" srcset=\"http:\/\/www.dedinkeltuin.nl\/wp-content\/uploads\/2015\/01\/Kweekbak-14-1-2015-300x200.jpg 300w, http:\/\/www.dedinkeltuin.nl\/wp-content\/uploads\/2015\/01\/Kweekbak-14-1-2015-1024x683.jpg 1024w\" sizes=\"auto, (max-width: 300px) 100vw, 300px\" \/><\/figure>\n<\/div>\n\n\n<p class=\"has-text-align-center\"><\/p>\n\n\n\n<p>Vom 21. Februar bis zum 27. Juni 2026 k\u00f6nnen Sie unser Garten, nur nach Absprache, besuchen. Bitte nutzen Sie dazu die <strong><a href=\"http:\/\/www.dedinkeltuin.nl\/?page_id=1287\">Kontakt-Seite<\/a><\/strong>, um Vorkehrungen zu treffen.<\/p>\n\n\n\n<p><\/p>\n","protected":false},"excerpt":{"rendered":"<p>Letzte Aktualisierung: 17-01-2026 Im Jahr 2026 veranstalten wir zwei Tage der offenen T\u00fcr f\u00fcr unsere Schneegl\u00f6ckchen. Am Samstag, den 14. und 21. Februar, jeweils von 10:00 bis 16:00 Uhr, sind Sie herzlich willkommen. Der Eintritt ist frei, Spenden sind jedoch willkommen. F\u00fcr Kaffee\/Tee und Leckereien ist gesorgt. An diesen Tagen bieten wir auch Schneegl\u00f6ckchen zum &hellip; <a href=\"http:\/\/www.dedinkeltuin.nl\/?page_id=1499&#038;lang=de\" class=\"more-link\">Continue reading <span class=\"screen-reader-text\">Tage der offenen T\u00fcr 2026.<\/span> <span class=\"meta-nav\">&rarr;<\/span><\/a><\/p>\n","protected":false},"author":1,"featured_media":0,"parent":0,"menu_order":3400,"comment_status":"closed","ping_status":"closed","template":"","meta":{"ngg_post_thumbnail":0,"footnotes":""},"class_list":["post-1499","page","type-page","status-publish","hentry"],"_links":{"self":[{"href":"http:\/\/www.dedinkeltuin.nl\/index.php?rest_route=\/wp\/v2\/pages\/1499","targetHints":{"allow":["GET"]}}],"collection":[{"href":"http:\/\/www.dedinkeltuin.nl\/index.php?rest_route=\/wp\/v2\/pages"}],"about":[{"href":"http:\/\/www.dedinkeltuin.nl\/index.php?rest_route=\/wp\/v2\/types\/page"}],"author":[{"embeddable":true,"href":"http:\/\/www.dedinkeltuin.nl\/index.php?rest_route=\/wp\/v2\/users\/1"}],"replies":[{"embeddable":true,"href":"http:\/\/www.dedinkeltuin.nl\/index.php?rest_route=%2Fwp%2Fv2%2Fcomments&post=1499"}],"version-history":[{"count":202,"href":"http:\/\/www.dedinkeltuin.nl\/index.php?rest_route=\/wp\/v2\/pages\/1499\/revisions"}],"predecessor-version":[{"id":4842,"href":"http:\/\/www.dedinkeltuin.nl\/index.php?rest_route=\/wp\/v2\/pages\/1499\/revisions\/4842"}],"wp:attachment":[{"href":"http:\/\/www.dedinkeltuin.nl\/index.php?rest_route=%2Fwp%2Fv2%2Fmedia&parent=1499"}],"curies":[{"name":"wp","href":"https:\/\/api.w.org\/{rel}","templated":true}]}}